{"id":4382,"date":"2021-03-06T16:15:06","date_gmt":"2021-03-06T15:15:06","guid":{"rendered":"http:\/\/dom.lmk.pl\/?page_id=4382"},"modified":"2021-06-30T18:38:41","modified_gmt":"2021-06-30T16:38:41","slug":"apartamenty","status":"publish","type":"page","link":"https:\/\/dom-podorzechem.pl\/index.php\/apartamenty\/","title":{"rendered":"Apartamenty"},"content":{"rendered":"\t\t<div data-elementor-type=\"wp-page\" data-elementor-id=\"4382\" class=\"elementor elementor-4382\">\n\t\t\t\t\t\t<section class=\"elementor-section elementor-top-section elementor-element elementor-element-06d7afe elementor-section-boxed elementor-section-height-default elementor-section-height-default qodef-elementor-content-no\" data-id=\"06d7afe\" data-element_type=\"section\" data-e-type=\"section\">\n\t\t\t\t\t\t<div class=\"elementor-container elementor-column-gap-default\">\n\t\t\t\t\t<div class=\"elementor-column elementor-col-50 elementor-top-column elementor-element elementor-element-50e5f9b\" data-id=\"50e5f9b\" data-element_type=\"column\" data-e-type=\"column\">\n\t\t\t<div class=\"elementor-widget-wrap elementor-element-populated\">\n\t\t\t\t\t\t<div class=\"elementor-element elementor-element-bd9fe2e elementor-widget elementor-widget-alloggio_core_banner\" data-id=\"bd9fe2e\" data-element_type=\"widget\" data-e-type=\"widget\" data-widget_type=\"alloggio_core_banner.default\">\n\t\t\t\t<div class=\"elementor-widget-container\">\n\t\t\t\t\t<div class=\"qodef-shortcode qodef-m  qodef-banner qodef-layout--link-overlay  qodef--has-button\">\n\t<div class=\"qodef-m-image\">\n\t<img fetchpriority=\"high\" decoding=\"async\" width=\"1200\" height=\"800\" src=\"https:\/\/dom-podorzechem.pl\/wp-content\/uploads\/2021\/06\/IMG_7886-1.jpg\" class=\"attachment-full size-full\" alt=\"\" srcset=\"https:\/\/dom-podorzechem.pl\/wp-content\/uploads\/2021\/06\/IMG_7886-1.jpg 1200w, https:\/\/dom-podorzechem.pl\/wp-content\/uploads\/2021\/06\/IMG_7886-1-300x200.jpg 300w, https:\/\/dom-podorzechem.pl\/wp-content\/uploads\/2021\/06\/IMG_7886-1-1024x683.jpg 1024w, https:\/\/dom-podorzechem.pl\/wp-content\/uploads\/2021\/06\/IMG_7886-1-768x512.jpg 768w\" sizes=\"(max-width: 1200px) 100vw, 1200px\" \/>\t<a itemprop=\"url\" href=\"https:\/\/dom-podorzechem.pl\/index.php\/apartament-kameralny\/\" class=\"qodef-m-banner-link\" target=\"_self\"><\/a>\n<\/div>\t<div class=\"qodef-m-content\">\n\t\t<div class=\"qodef-m-content-inner\" style=\"padding: 10px 12px 12px 16px\">\n\t\t\t<div class=\"qodef-m-content-inner-background\" style=\"background-color: #F6F3EA\"><\/div>\n\t\t\t<div class=\"qodef-m-content-inner-holder\">\n\t\t\t\t\t<h3 class=\"qodef-m-title\" >Apartament kameralny<\/h3>\n\t\t\t\t\t\t\t\t\t<div class=\"qodef-m-button\">\n\t\t<a class=\"qodef-shortcode qodef-m  qodef-button qodef-layout--textual  qodef-html--link\" href=\"https:\/\/dom-podorzechem.pl\/index.php\/apartament-kameralny\/\" target=\"_self\"  >\t<span class=\"qodef-m-text\">Zobacz wi\u0119cej<\/span>\t<span class=\"qodef-m-plus\"><\/span><\/a>\t<\/div>\n\t\t\t\t<a itemprop=\"url\" href=\"https:\/\/dom-podorzechem.pl\/index.php\/apartament-kameralny\/\" class=\"qodef-m-banner-link\" target=\"_self\"><\/a>\n\t\t\t<\/div>\n\t\t\t<a itemprop=\"url\" href=\"https:\/\/dom-podorzechem.pl\/index.php\/apartament-kameralny\/\" class=\"qodef-m-banner-link\" target=\"_self\"><\/a>\n\t\t<\/div>\n\t<\/div>\n<\/div>\n\t\t\t\t<\/div>\n\t\t\t\t<\/div>\n\t\t\t\t\t<\/div>\n\t\t<\/div>\n\t\t\t\t<div class=\"elementor-column elementor-col-50 elementor-top-column elementor-element elementor-element-ec0f8d7\" data-id=\"ec0f8d7\" data-element_type=\"column\" data-e-type=\"column\">\n\t\t\t<div class=\"elementor-widget-wrap elementor-element-populated\">\n\t\t\t\t\t\t<div class=\"elementor-element elementor-element-d457ce3 elementor-widget elementor-widget-alloggio_core_banner\" data-id=\"d457ce3\" data-element_type=\"widget\" data-e-type=\"widget\" data-widget_type=\"alloggio_core_banner.default\">\n\t\t\t\t<div class=\"elementor-widget-container\">\n\t\t\t\t\t<div class=\"qodef-shortcode qodef-m  qodef-banner qodef-layout--link-overlay  qodef--has-button\">\n\t<div class=\"qodef-m-image\">\n\t<img decoding=\"async\" width=\"1200\" height=\"800\" src=\"https:\/\/dom-podorzechem.pl\/wp-content\/uploads\/2021\/06\/IMG_7729.jpg\" class=\"attachment-full size-full\" alt=\"\" srcset=\"https:\/\/dom-podorzechem.pl\/wp-content\/uploads\/2021\/06\/IMG_7729.jpg 1200w, https:\/\/dom-podorzechem.pl\/wp-content\/uploads\/2021\/06\/IMG_7729-300x200.jpg 300w, https:\/\/dom-podorzechem.pl\/wp-content\/uploads\/2021\/06\/IMG_7729-1024x683.jpg 1024w, https:\/\/dom-podorzechem.pl\/wp-content\/uploads\/2021\/06\/IMG_7729-768x512.jpg 768w\" sizes=\"(max-width: 1200px) 100vw, 1200px\" \/>\t<a itemprop=\"url\" href=\"https:\/\/dom-podorzechem.pl\/index.php\/apartament-duzy\/\" class=\"qodef-m-banner-link\" target=\"_self\"><\/a>\n<\/div>\t<div class=\"qodef-m-content\">\n\t\t<div class=\"qodef-m-content-inner\" style=\"padding: 10px 12px 12px 16px\">\n\t\t\t<div class=\"qodef-m-content-inner-background\" style=\"background-color: #F6F3EA\"><\/div>\n\t\t\t<div class=\"qodef-m-content-inner-holder\">\n\t\t\t\t\t<h3 class=\"qodef-m-title\" >Apartament du\u017cy <\/h3>\n\t\t\t\t\t\t\t\t\t<div class=\"qodef-m-button\">\n\t\t<a class=\"qodef-shortcode qodef-m  qodef-button qodef-layout--textual  qodef-html--link\" href=\"https:\/\/dom-podorzechem.pl\/index.php\/apartament-duzy\/\" target=\"_self\"  >\t<span class=\"qodef-m-text\">Zobacz wi\u0119cej<\/span>\t<span class=\"qodef-m-plus\"><\/span><\/a>\t<\/div>\n\t\t\t\t<a itemprop=\"url\" href=\"https:\/\/dom-podorzechem.pl\/index.php\/apartament-duzy\/\" class=\"qodef-m-banner-link\" target=\"_self\"><\/a>\n\t\t\t<\/div>\n\t\t\t<a itemprop=\"url\" href=\"https:\/\/dom-podorzechem.pl\/index.php\/apartament-duzy\/\" class=\"qodef-m-banner-link\" target=\"_self\"><\/a>\n\t\t<\/div>\n\t<\/div>\n<\/div>\n\t\t\t\t<\/div>\n\t\t\t\t<\/div>\n\t\t\t\t\t<\/div>\n\t\t<\/div>\n\t\t\t\t\t<\/div>\n\t\t<\/section>\n\t\t\t\t<section class=\"elementor-section elementor-top-section elementor-element elementor-element-546f973 elementor-section-boxed elementor-section-height-default elementor-section-height-default qodef-elementor-content-no\" data-id=\"546f973\" data-element_type=\"section\" data-e-type=\"section\">\n\t\t\t\t\t\t<div class=\"elementor-container elementor-column-gap-default\">\n\t\t\t\t\t<div class=\"elementor-column elementor-col-25 elementor-top-column elementor-element elementor-element-700d0ab\" data-id=\"700d0ab\" data-element_type=\"column\" data-e-type=\"column\">\n\t\t\t<div class=\"elementor-widget-wrap\">\n\t\t\t\t\t\t\t<\/div>\n\t\t<\/div>\n\t\t\t\t<div class=\"elementor-column elementor-col-50 elementor-top-column elementor-element elementor-element-ab73d91\" data-id=\"ab73d91\" data-element_type=\"column\" data-e-type=\"column\">\n\t\t\t<div class=\"elementor-widget-wrap elementor-element-populated\">\n\t\t\t\t\t\t<div class=\"elementor-element elementor-element-257bc1b elementor-widget elementor-widget-alloggio_core_banner\" data-id=\"257bc1b\" data-element_type=\"widget\" data-e-type=\"widget\" data-widget_type=\"alloggio_core_banner.default\">\n\t\t\t\t<div class=\"elementor-widget-container\">\n\t\t\t\t\t<div class=\"qodef-shortcode qodef-m  qodef-banner qodef-layout--link-overlay  qodef--has-button\">\n\t<div class=\"qodef-m-image\">\n\t<img decoding=\"async\" width=\"1200\" height=\"800\" src=\"https:\/\/dom-podorzechem.pl\/wp-content\/uploads\/2021\/06\/IMG_7551.jpg\" class=\"attachment-full size-full\" alt=\"\" srcset=\"https:\/\/dom-podorzechem.pl\/wp-content\/uploads\/2021\/06\/IMG_7551.jpg 1200w, https:\/\/dom-podorzechem.pl\/wp-content\/uploads\/2021\/06\/IMG_7551-300x200.jpg 300w, https:\/\/dom-podorzechem.pl\/wp-content\/uploads\/2021\/06\/IMG_7551-1024x683.jpg 1024w, https:\/\/dom-podorzechem.pl\/wp-content\/uploads\/2021\/06\/IMG_7551-768x512.jpg 768w\" sizes=\"(max-width: 1200px) 100vw, 1200px\" \/>\t<a itemprop=\"url\" href=\"https:\/\/dom-podorzechem.pl\/index.php\/caly-domek\/\" class=\"qodef-m-banner-link\" target=\"_self\"><\/a>\n<\/div>\t<div class=\"qodef-m-content\">\n\t\t<div class=\"qodef-m-content-inner\" style=\"padding: 10px 12px 12px 16px\">\n\t\t\t<div class=\"qodef-m-content-inner-background\" ><\/div>\n\t\t\t<div class=\"qodef-m-content-inner-holder\">\n\t\t\t\t\t<h3 class=\"qodef-m-title\" >Ca\u0142y domek<\/h3>\n\t\t\t\t\t\t\t\t\t<div class=\"qodef-m-button\">\n\t\t<a class=\"qodef-shortcode qodef-m  qodef-button qodef-layout--textual  qodef-html--link\" href=\"https:\/\/dom-podorzechem.pl\/index.php\/caly-domek\/\" target=\"_self\"  >\t<span class=\"qodef-m-text\">Zobacz Wi\u0119cej<\/span>\t<span class=\"qodef-m-plus\"><\/span><\/a>\t<\/div>\n\t\t\t\t<a itemprop=\"url\" href=\"https:\/\/dom-podorzechem.pl\/index.php\/caly-domek\/\" class=\"qodef-m-banner-link\" target=\"_self\"><\/a>\n\t\t\t<\/div>\n\t\t\t<a itemprop=\"url\" href=\"https:\/\/dom-podorzechem.pl\/index.php\/caly-domek\/\" class=\"qodef-m-banner-link\" target=\"_self\"><\/a>\n\t\t<\/div>\n\t<\/div>\n<\/div>\n\t\t\t\t<\/div>\n\t\t\t\t<\/div>\n\t\t\t\t\t<\/div>\n\t\t<\/div>\n\t\t\t\t<div class=\"elementor-column elementor-col-25 elementor-top-column elementor-element elementor-element-57c2e71\" data-id=\"57c2e71\" data-element_type=\"column\" data-e-type=\"column\">\n\t\t\t<div class=\"elementor-widget-wrap\">\n\t\t\t\t\t\t\t<\/div>\n\t\t<\/div>\n\t\t\t\t\t<\/div>\n\t\t<\/section>\n\t\t\t\t<\/div>\n\t\t","protected":false},"excerpt":{"rendered":"<p>Apartament kameralny Zobacz wi\u0119cej Apartament du\u017cy Zobacz wi\u0119cej Ca\u0142y domek Zobacz Wi\u0119cej<\/p>\n","protected":false},"author":2,"featured_media":0,"parent":0,"menu_order":0,"comment_status":"closed","ping_status":"closed","template":"","meta":{"_monsterinsights_skip_tracking":false,"_monsterinsights_sitenote_active":false,"_monsterinsights_sitenote_note":"","_monsterinsights_sitenote_category":0,"footnotes":""},"class_list":["post-4382","page","type-page","status-publish","hentry"],"_links":{"self":[{"href":"https:\/\/dom-podorzechem.pl\/index.php\/wp-json\/wp\/v2\/pages\/4382","targetHints":{"allow":["GET"]}}],"collection":[{"href":"https:\/\/dom-podorzechem.pl\/index.php\/wp-json\/wp\/v2\/pages"}],"about":[{"href":"https:\/\/dom-podorzechem.pl\/index.php\/wp-json\/wp\/v2\/types\/page"}],"author":[{"embeddable":true,"href":"https:\/\/dom-podorzechem.pl\/index.php\/wp-json\/wp\/v2\/users\/2"}],"replies":[{"embeddable":true,"href":"https:\/\/dom-podorzechem.pl\/index.php\/wp-json\/wp\/v2\/comments?post=4382"}],"version-history":[{"count":41,"href":"https:\/\/dom-podorzechem.pl\/index.php\/wp-json\/wp\/v2\/pages\/4382\/revisions"}],"predecessor-version":[{"id":5318,"href":"https:\/\/dom-podorzechem.pl\/index.php\/wp-json\/wp\/v2\/pages\/4382\/revisions\/5318"}],"wp:attachment":[{"href":"https:\/\/dom-podorzechem.pl\/index.php\/wp-json\/wp\/v2\/media?parent=4382"}],"curies":[{"name":"wp","href":"https:\/\/api.w.org\/{rel}","templated":true}]}}